{"id":2822,"date":"2016-10-27T08:49:24","date_gmt":"2016-10-27T08:49:24","guid":{"rendered":"http:\/\/toposatelier.com\/?page_id=2822"},"modified":"2016-10-27T08:49:24","modified_gmt":"2016-10-27T08:49:24","slug":"casa-no-louredo","status":"publish","type":"page","link":"https:\/\/toposatelier.com\/fr\/casa-no-louredo\/","title":{"rendered":"Maison \u00e0 Louredo"},"content":{"rendered":"<div id='gallery-0' class='gallery galleryid-2822 gallery-columns-3 gallery-size-small-size-hard'><figure class='gallery-item'>\n\t\t\t<div class='gallery-icon landscape'>\n\t\t\t\t<a data-title=\"Topos Atelier de Arquitectura - Casa do Louredo (2)\" data-alt=\"\" href='https:\/\/toposatelier.com\/wp-content\/uploads\/2016\/06\/topos-atelier-de-arquitectura-casa-do-louredo-2-e1466072030979.jpg'><img width=\"385\" height=\"385\" src=\"https:\/\/toposatelier.com\/wp-content\/uploads\/2016\/06\/topos-atelier-de-arquitectura-casa-do-louredo-2-e1466072030979-385x385.jpg\" class=\"attachment-small-size-hard size-small-size-hard\" alt=\"\" decoding=\"async\" loading=\"lazy\" srcset=\"https:\/\/toposatelier.com\/wp-content\/uploads\/2016\/06\/topos-atelier-de-arquitectura-casa-do-louredo-2-e1466072030979-385x385.jpg 385w, https:\/\/toposatelier.com\/wp-content\/uploads\/2016\/06\/topos-atelier-de-arquitectura-casa-do-louredo-2-e1466072030979-300x300.jpg 300w, https:\/\/toposatelier.com\/wp-content\/uploads\/2016\/06\/topos-atelier-de-arquitectura-casa-do-louredo-2-e1466072030979-100x100.jpg 100w, https:\/\/toposatelier.com\/wp-content\/uploads\/2016\/06\/topos-atelier-de-arquitectura-casa-do-louredo-2-e1466072030979-150x150.jpg 150w\" sizes=\"(max-width: 385px) 100vw, 385px\" \/><\/a>\n\t\t\t<\/div><\/figure><figure class='gallery-item'>\n\t\t\t<div class='gallery-icon portrait'>\n\t\t\t\t<a data-title=\"Topos Atelier de Arquitectura - Casa do Louredo (3)\" data-alt=\"\" href='https:\/\/toposatelier.com\/wp-content\/uploads\/2016\/06\/topos-atelier-de-arquitectura-casa-do-louredo-3.jpg'><img width=\"385\" height=\"385\" src=\"https:\/\/toposatelier.com\/wp-content\/uploads\/2016\/06\/topos-atelier-de-arquitectura-casa-do-louredo-3-385x385.jpg\" class=\"attachment-small-size-hard size-small-size-hard\" alt=\"\" decoding=\"async\" loading=\"lazy\" srcset=\"https:\/\/toposatelier.com\/wp-content\/uploads\/2016\/06\/topos-atelier-de-arquitectura-casa-do-louredo-3-385x385.jpg 385w, https:\/\/toposatelier.com\/wp-content\/uploads\/2016\/06\/topos-atelier-de-arquitectura-casa-do-louredo-3-300x300.jpg 300w, https:\/\/toposatelier.com\/wp-content\/uploads\/2016\/06\/topos-atelier-de-arquitectura-casa-do-louredo-3-100x100.jpg 100w, https:\/\/toposatelier.com\/wp-content\/uploads\/2016\/06\/topos-atelier-de-arquitectura-casa-do-louredo-3-150x150.jpg 150w\" sizes=\"(max-width: 385px) 100vw, 385px\" \/><\/a>\n\t\t\t<\/div><\/figure><figure class='gallery-item'>\n\t\t\t<div class='gallery-icon portrait'>\n\t\t\t\t<a data-title=\"Topos Atelier de Arquitectura - Casa do Louredo (1)\" data-alt=\"\" href='https:\/\/toposatelier.com\/wp-content\/uploads\/2016\/06\/topos-atelier-de-arquitectura-casa-do-louredo-1.jpg'><img width=\"385\" height=\"385\" src=\"https:\/\/toposatelier.com\/wp-content\/uploads\/2016\/06\/topos-atelier-de-arquitectura-casa-do-louredo-1-385x385.jpg\" class=\"attachment-small-size-hard size-small-size-hard\" alt=\"\" decoding=\"async\" loading=\"lazy\" srcset=\"https:\/\/toposatelier.com\/wp-content\/uploads\/2016\/06\/topos-atelier-de-arquitectura-casa-do-louredo-1-385x385.jpg 385w, https:\/\/toposatelier.com\/wp-content\/uploads\/2016\/06\/topos-atelier-de-arquitectura-casa-do-louredo-1-300x300.jpg 300w, https:\/\/toposatelier.com\/wp-content\/uploads\/2016\/06\/topos-atelier-de-arquitectura-casa-do-louredo-1-100x100.jpg 100w, https:\/\/toposatelier.com\/wp-content\/uploads\/2016\/06\/topos-atelier-de-arquitectura-casa-do-louredo-1-150x150.jpg 150w\" sizes=\"(max-width: 385px) 100vw, 385px\" \/><\/a>\n\t\t\t<\/div><\/figure>\n\t\t<\/div>\n\n<p style=\"text-align: center;\">Le jour de mon mariage, j\u2019ai mont\u00e9 ces escaliers. Il y a de cela trente ans.<br \/>\nEmotion\u2026<br \/>\nComment \u00e9tait la maison ?<br \/>\n(Soupir) L\u00e0 , le balcon. Ici, la cuisine, toute ouverte avec son escalier pour les chambres, le vin se pressait ici\u2026<br \/>\nTout resta \u00e0 l\u2019identique. Le balcon, la cuisine, le pressoir\u2026<br \/>\nOn r\u00e9nova la to\u00eeture, les boiseries, l\u2019escalier int\u00e9rieur; on ajouta une verri\u00e8re. Les chambres f\u00fbrent redistribu\u00e9es.<br \/>\nDans le jardin r\u00e9am\u00e9nag\u00e9 des treilles \u00e0 raisins\u2026<br \/>\nLa maison termin\u00e9e, le propri\u00e9taire fixa en haut des escaliers une photographie du jour de son mariage.<\/p>","protected":false},"excerpt":{"rendered":"<p>Le jour de mon mariage, j\u2019ai mont\u00e9 ces escaliers. Il y a de cela trente ans. Emotion\u2026 Comment \u00e9tait la maison ? (Soupir) L\u00e0 , le balcon. Ici, la cuisine, toute ouverte avec son escalier pour les chambres, le vin se pressait ici\u2026 Tout resta \u00e0 l\u2019identique. Le balcon, la cuisine, le pressoir\u2026 On r\u00e9nova..<\/p>\n","protected":false},"author":1,"featured_media":0,"parent":0,"menu_order":0,"comment_status":"closed","ping_status":"closed","template":"","meta":[],"_links":{"self":[{"href":"https:\/\/toposatelier.com\/fr\/wp-json\/wp\/v2\/pages\/2822"}],"collection":[{"href":"https:\/\/toposatelier.com\/fr\/wp-json\/wp\/v2\/pages"}],"about":[{"href":"https:\/\/toposatelier.com\/fr\/wp-json\/wp\/v2\/types\/page"}],"author":[{"embeddable":true,"href":"https:\/\/toposatelier.com\/fr\/wp-json\/wp\/v2\/users\/1"}],"replies":[{"embeddable":true,"href":"https:\/\/toposatelier.com\/fr\/wp-json\/wp\/v2\/comments?post=2822"}],"version-history":[{"count":1,"href":"https:\/\/toposatelier.com\/fr\/wp-json\/wp\/v2\/pages\/2822\/revisions"}],"predecessor-version":[{"id":2823,"href":"https:\/\/toposatelier.com\/fr\/wp-json\/wp\/v2\/pages\/2822\/revisions\/2823"}],"wp:attachment":[{"href":"https:\/\/toposatelier.com\/fr\/wp-json\/wp\/v2\/media?parent=2822"}],"curies":[{"name":"wp","href":"https:\/\/api.w.org\/{rel}","templated":true}]}}

Maison à Louredo

<div id='gallery-0' class='gallery galleryid-2822 gallery-columns-3 gallery-size-small-size-hard'><figure class='gallery-item'>
			<div class='gallery-icon landscape'>
				<a data-title="Topos Atelier de Arquitectura - Casa do Louredo (2)" data-alt="" href='https://toposatelier.com/wp-content/uploads/2016/06/topos-atelier-de-arquitectura-casa-do-louredo-2-e1466072030979.jpg'><img width="385" height="385" src="https://toposatelier.com/wp-content/uploads/2016/06/topos-atelier-de-arquitectura-casa-do-louredo-2-e1466072030979-385x385.jpg" class="attachment-small-size-hard size-small-size-hard" alt="" decoding="async" loading="lazy" srcset="https://toposatelier.com/wp-content/uploads/2016/06/topos-atelier-de-arquitectura-casa-do-louredo-2-e1466072030979-385x385.jpg 385w, https://toposatelier.com/wp-content/uploads/2016/06/topos-atelier-de-arquitectura-casa-do-louredo-2-e1466072030979-300x300.jpg 300w, https://toposatelier.com/wp-content/uploads/2016/06/topos-atelier-de-arquitectura-casa-do-louredo-2-e1466072030979-100x100.jpg 100w, https://toposatelier.com/wp-content/uploads/2016/06/topos-atelier-de-arquitectura-casa-do-louredo-2-e1466072030979-150x150.jpg 150w" sizes="(max-width: 385px) 100vw, 385px" /></a>
			</div></figure><figure class='gallery-item'>
			<div class='gallery-icon portrait'>
				<a data-title="Topos Atelier de Arquitectura - Casa do Louredo (3)" data-alt="" href='https://toposatelier.com/wp-content/uploads/2016/06/topos-atelier-de-arquitectura-casa-do-louredo-3.jpg'><img width="385" height="385" src="https://toposatelier.com/wp-content/uploads/2016/06/topos-atelier-de-arquitectura-casa-do-louredo-3-385x385.jpg" class="attachment-small-size-hard size-small-size-hard" alt="" decoding="async" loading="lazy" srcset="https://toposatelier.com/wp-content/uploads/2016/06/topos-atelier-de-arquitectura-casa-do-louredo-3-385x385.jpg 385w, https://toposatelier.com/wp-content/uploads/2016/06/topos-atelier-de-arquitectura-casa-do-louredo-3-300x300.jpg 300w, https://toposatelier.com/wp-content/uploads/2016/06/topos-atelier-de-arquitectura-casa-do-louredo-3-100x100.jpg 100w, https://toposatelier.com/wp-content/uploads/2016/06/topos-atelier-de-arquitectura-casa-do-louredo-3-150x150.jpg 150w" sizes="(max-width: 385px) 100vw, 385px" /></a>
			</div></figure><figure class='gallery-item'>
			<div class='gallery-icon portrait'>
				<a data-title="Topos Atelier de Arquitectura - Casa do Louredo (1)" data-alt="" href='https://toposatelier.com/wp-content/uploads/2016/06/topos-atelier-de-arquitectura-casa-do-louredo-1.jpg'><img width="385" height="385" src="https://toposatelier.com/wp-content/uploads/2016/06/topos-atelier-de-arquitectura-casa-do-louredo-1-385x385.jpg" class="attachment-small-size-hard size-small-size-hard" alt="" decoding="async" loading="lazy" srcset="https://toposatelier.com/wp-content/uploads/2016/06/topos-atelier-de-arquitectura-casa-do-louredo-1-385x385.jpg 385w, https://toposatelier.com/wp-content/uploads/2016/06/topos-atelier-de-arquitectura-casa-do-louredo-1-300x300.jpg 300w, https://toposatelier.com/wp-content/uploads/2016/06/topos-atelier-de-arquitectura-casa-do-louredo-1-100x100.jpg 100w, https://toposatelier.com/wp-content/uploads/2016/06/topos-atelier-de-arquitectura-casa-do-louredo-1-150x150.jpg 150w" sizes="(max-width: 385px) 100vw, 385px" /></a>
			</div></figure>
		</div>

<p style="text-align: center;">Le jour de mon mariage, j’ai monté ces escaliers. Il y a de cela trente ans.<br />
Emotion…<br />
Comment était la maison ?<br />
(Soupir) Là , le balcon. Ici, la cuisine, toute ouverte avec son escalier pour les chambres, le vin se pressait ici…<br />
Tout resta à l’identique. Le balcon, la cuisine, le pressoir…<br />
On rénova la toîture, les boiseries, l’escalier intérieur; on ajouta une verrière. Les chambres fûrent redistribuées.<br />
Dans le jardin réaménagé des treilles à raisins…<br />
La maison terminée, le propriétaire fixa en haut des escaliers une photographie du jour de son mariage.</p>

<p>Le jour de mon mariage, j’ai monté ces escaliers. Il y a de cela trente ans. Emotion… Comment était la maison ? (Soupir) Là , le balcon. Ici, la cuisine, toute ouverte avec son escalier pour les chambres, le vin se pressait ici… Tout resta à l’identique. Le balcon, la cuisine, le pressoir… On rénova..</p>
