{"id":2814,"date":"2016-10-26T18:03:37","date_gmt":"2016-10-26T18:03:37","guid":{"rendered":"http:\/\/toposatelier.com\/?page_id=2814"},"modified":"2016-11-02T16:48:48","modified_gmt":"2016-11-02T16:48:48","slug":"edificio-rua-andrade-corvo","status":"publish","type":"page","link":"https:\/\/toposatelier.com\/fr\/edificio-rua-andrade-corvo\/","title":{"rendered":"Log. et Commerces \u00e0 Braga"},"content":{"rendered":"<p style=\"text-align: center;\"><img decoding=\"async\" loading=\"lazy\" class=\" wp-image-3012 aligncenter\" src=\"http:\/\/toposatelier.com\/wp-content\/uploads\/2016\/10\/edificio-rua-andrade-corvo-copia.jpg\" alt=\"edificio-rua-andrade-corvo-copia\" width=\"336\" height=\"450\" srcset=\"https:\/\/toposatelier.com\/wp-content\/uploads\/2016\/10\/edificio-rua-andrade-corvo-copia-225x300.jpg 225w, https:\/\/toposatelier.com\/wp-content\/uploads\/2016\/10\/edificio-rua-andrade-corvo-copia-385x514.jpg 385w, https:\/\/toposatelier.com\/wp-content\/uploads\/2016\/10\/edificio-rua-andrade-corvo-copia-400x534.jpg 400w\" sizes=\"(max-width: 336px) 100vw, 336px\" \/><\/p>\n<p style=\"text-align: center;\">Cet \u00e9difice d\u2019habitation et de commerces, situ\u00e9 en limite du p\u00e9rim\u00e8tre historique de la ville de Braga, reprend l\u2019alignement urbain de la rue et se scinde en deux volumes pour d\u00e9noncer le rythme parcellaire de cette partie de la ville.<br \/>\nUtilis\u00e9es aujourd\u2019hui dans le projet pour des questions d\u2019usage, de confort et d\u2019aspect, les persiennes coulissantes en aluminium qui privatisent les terrasses, \u00e9voquent curieusement un principe g\u00e9n\u00e9ralis\u00e9 au 17 \u00e8me et 18 \u00e8me si\u00e8cle \u00e0 Braga, qui \u00e9tait celui de couvrir les fa\u00e7ades des constructions de jalousies pour permettre une \u00abretraite religieuse absolue\u00bb de ses usagers.<\/p>","protected":false},"excerpt":{"rendered":"<p>Cet \u00e9difice d\u2019habitation et de commerces, situ\u00e9 en limite du p\u00e9rim\u00e8tre historique de la ville de Braga, reprend l\u2019alignement urbain de la rue et se scinde en deux volumes pour d\u00e9noncer le rythme parcellaire de cette partie de la ville. Utilis\u00e9es aujourd\u2019hui dans le projet pour des questions d\u2019usage, de confort et d\u2019aspect, les persiennes..<\/p>\n","protected":false},"author":1,"featured_media":0,"parent":0,"menu_order":0,"comment_status":"closed","ping_status":"closed","template":"","meta":[],"_links":{"self":[{"href":"https:\/\/toposatelier.com\/fr\/wp-json\/wp\/v2\/pages\/2814"}],"collection":[{"href":"https:\/\/toposatelier.com\/fr\/wp-json\/wp\/v2\/pages"}],"about":[{"href":"https:\/\/toposatelier.com\/fr\/wp-json\/wp\/v2\/types\/page"}],"author":[{"embeddable":true,"href":"https:\/\/toposatelier.com\/fr\/wp-json\/wp\/v2\/users\/1"}],"replies":[{"embeddable":true,"href":"https:\/\/toposatelier.com\/fr\/wp-json\/wp\/v2\/comments?post=2814"}],"version-history":[{"count":3,"href":"https:\/\/toposatelier.com\/fr\/wp-json\/wp\/v2\/pages\/2814\/revisions"}],"predecessor-version":[{"id":3014,"href":"https:\/\/toposatelier.com\/fr\/wp-json\/wp\/v2\/pages\/2814\/revisions\/3014"}],"wp:attachment":[{"href":"https:\/\/toposatelier.com\/fr\/wp-json\/wp\/v2\/media?parent=2814"}],"curies":[{"name":"wp","href":"https:\/\/api.w.org\/{rel}","templated":true}]}}

Log. et Commerces à Braga

<p style="text-align: center;"><img decoding="async" loading="lazy" class=" wp-image-3012 aligncenter" src="http://toposatelier.com/wp-content/uploads/2016/10/edificio-rua-andrade-corvo-copia.jpg" alt="edificio-rua-andrade-corvo-copia" width="336" height="450" srcset="https://toposatelier.com/wp-content/uploads/2016/10/edificio-rua-andrade-corvo-copia-225x300.jpg 225w, https://toposatelier.com/wp-content/uploads/2016/10/edificio-rua-andrade-corvo-copia-385x514.jpg 385w, https://toposatelier.com/wp-content/uploads/2016/10/edificio-rua-andrade-corvo-copia-400x534.jpg 400w" sizes="(max-width: 336px) 100vw, 336px" /></p>
<p style="text-align: center;">Cet édifice d’habitation et de commerces, situé en limite du périmètre historique de la ville de Braga, reprend l’alignement urbain de la rue et se scinde en deux volumes pour dénoncer le rythme parcellaire de cette partie de la ville.<br />
Utilisées aujourd’hui dans le projet pour des questions d’usage, de confort et d’aspect, les persiennes coulissantes en aluminium qui privatisent les terrasses, évoquent curieusement un principe généralisé au 17 ème et 18 ème siècle à Braga, qui était celui de couvrir les façades des constructions de jalousies pour permettre une «retraite religieuse absolue» de ses usagers.</p>

<p>Cet édifice d’habitation et de commerces, situé en limite du périmètre historique de la ville de Braga, reprend l’alignement urbain de la rue et se scinde en deux volumes pour dénoncer le rythme parcellaire de cette partie de la ville. Utilisées aujourd’hui dans le projet pour des questions d’usage, de confort et d’aspect, les persiennes..</p>
