{"id":2785,"date":"2016-10-26T14:04:30","date_gmt":"2016-10-26T14:04:30","guid":{"rendered":"http:\/\/toposatelier.com\/?page_id=2785"},"modified":"2016-10-26T14:04:30","modified_gmt":"2016-10-26T14:04:30","slug":"ed-de-habitacao-em-merim","status":"publish","type":"page","link":"https:\/\/toposatelier.com\/fr\/ed-de-habitacao-em-merim\/","title":{"rendered":"Logements \u00e0 Merim"},"content":{"rendered":"<div id='gallery-0' class='gallery galleryid-2785 gallery-columns-4 gallery-size-small-size-hard'><figure class='gallery-item'>\n\t\t\t<div class='gallery-icon landscape'>\n\t\t\t\t<a data-title=\"Topos Atelier de Arquitectura - Ed. Merim (1)\" data-alt=\"\" href='https:\/\/toposatelier.com\/wp-content\/uploads\/2016\/06\/topos-atelier-de-arquitectura-ed.-merim-1.jpg'><img width=\"385\" height=\"385\" src=\"https:\/\/toposatelier.com\/wp-content\/uploads\/2016\/06\/topos-atelier-de-arquitectura-ed.-merim-1-385x385.jpg\" class=\"attachment-small-size-hard size-small-size-hard\" alt=\"\" decoding=\"async\" loading=\"lazy\" srcset=\"https:\/\/toposatelier.com\/wp-content\/uploads\/2016\/06\/topos-atelier-de-arquitectura-ed.-merim-1-385x385.jpg 385w, https:\/\/toposatelier.com\/wp-content\/uploads\/2016\/06\/topos-atelier-de-arquitectura-ed.-merim-1-300x300.jpg 300w, https:\/\/toposatelier.com\/wp-content\/uploads\/2016\/06\/topos-atelier-de-arquitectura-ed.-merim-1-100x100.jpg 100w, https:\/\/toposatelier.com\/wp-content\/uploads\/2016\/06\/topos-atelier-de-arquitectura-ed.-merim-1-150x150.jpg 150w\" sizes=\"(max-width: 385px) 100vw, 385px\" \/><\/a>\n\t\t\t<\/div><\/figure><figure class='gallery-item'>\n\t\t\t<div class='gallery-icon landscape'>\n\t\t\t\t<a data-title=\"Topos Atelier de Arquitectura - Ed. Merim (2)\" data-alt=\"\" href='https:\/\/toposatelier.com\/wp-content\/uploads\/2016\/06\/topos-atelier-de-arquitectura-ed.-merim-2.jpg'><img width=\"385\" height=\"385\" src=\"https:\/\/toposatelier.com\/wp-content\/uploads\/2016\/06\/topos-atelier-de-arquitectura-ed.-merim-2-385x385.jpg\" class=\"attachment-small-size-hard size-small-size-hard\" alt=\"\" decoding=\"async\" loading=\"lazy\" srcset=\"https:\/\/toposatelier.com\/wp-content\/uploads\/2016\/06\/topos-atelier-de-arquitectura-ed.-merim-2-385x385.jpg 385w, https:\/\/toposatelier.com\/wp-content\/uploads\/2016\/06\/topos-atelier-de-arquitectura-ed.-merim-2-300x300.jpg 300w, https:\/\/toposatelier.com\/wp-content\/uploads\/2016\/06\/topos-atelier-de-arquitectura-ed.-merim-2-100x100.jpg 100w, https:\/\/toposatelier.com\/wp-content\/uploads\/2016\/06\/topos-atelier-de-arquitectura-ed.-merim-2-150x150.jpg 150w\" sizes=\"(max-width: 385px) 100vw, 385px\" \/><\/a>\n\t\t\t<\/div><\/figure><figure class='gallery-item'>\n\t\t\t<div class='gallery-icon landscape'>\n\t\t\t\t<a data-title=\"Topos Atelier de Arquitectura - Ed. Merim (3)\" data-alt=\"\" href='https:\/\/toposatelier.com\/wp-content\/uploads\/2016\/06\/topos-atelier-de-arquitectura-ed.-merim-3.jpg'><img width=\"385\" height=\"385\" src=\"https:\/\/toposatelier.com\/wp-content\/uploads\/2016\/06\/topos-atelier-de-arquitectura-ed.-merim-3-385x385.jpg\" class=\"attachment-small-size-hard size-small-size-hard\" alt=\"\" decoding=\"async\" loading=\"lazy\" srcset=\"https:\/\/toposatelier.com\/wp-content\/uploads\/2016\/06\/topos-atelier-de-arquitectura-ed.-merim-3-385x385.jpg 385w, https:\/\/toposatelier.com\/wp-content\/uploads\/2016\/06\/topos-atelier-de-arquitectura-ed.-merim-3-300x300.jpg 300w, https:\/\/toposatelier.com\/wp-content\/uploads\/2016\/06\/topos-atelier-de-arquitectura-ed.-merim-3-100x100.jpg 100w, https:\/\/toposatelier.com\/wp-content\/uploads\/2016\/06\/topos-atelier-de-arquitectura-ed.-merim-3-150x150.jpg 150w\" sizes=\"(max-width: 385px) 100vw, 385px\" \/><\/a>\n\t\t\t<\/div><\/figure><figure class='gallery-item'>\n\t\t\t<div class='gallery-icon landscape'>\n\t\t\t\t<a data-title=\"Topos Atelier de Arquitectura - Ed. Merim (4)\" data-alt=\"\" href='https:\/\/toposatelier.com\/wp-content\/uploads\/2016\/06\/topos-atelier-de-arquitectura-ed.-merim-4.jpg'><img width=\"385\" height=\"385\" src=\"https:\/\/toposatelier.com\/wp-content\/uploads\/2016\/06\/topos-atelier-de-arquitectura-ed.-merim-4-385x385.jpg\" class=\"attachment-small-size-hard size-small-size-hard\" alt=\"\" decoding=\"async\" loading=\"lazy\" srcset=\"https:\/\/toposatelier.com\/wp-content\/uploads\/2016\/06\/topos-atelier-de-arquitectura-ed.-merim-4-385x385.jpg 385w, https:\/\/toposatelier.com\/wp-content\/uploads\/2016\/06\/topos-atelier-de-arquitectura-ed.-merim-4-300x300.jpg 300w, https:\/\/toposatelier.com\/wp-content\/uploads\/2016\/06\/topos-atelier-de-arquitectura-ed.-merim-4-100x100.jpg 100w, https:\/\/toposatelier.com\/wp-content\/uploads\/2016\/06\/topos-atelier-de-arquitectura-ed.-merim-4-150x150.jpg 150w\" sizes=\"(max-width: 385px) 100vw, 385px\" \/><\/a>\n\t\t\t<\/div><\/figure><figure class='gallery-item'>\n\t\t\t<div class='gallery-icon landscape'>\n\t\t\t\t<a data-title=\"Topos Atelier de Arquitectura - Ed. Merim (5)\" data-alt=\"\" href='https:\/\/toposatelier.com\/wp-content\/uploads\/2016\/06\/topos-atelier-de-arquitectura-ed.-merim-5.jpg'><img width=\"385\" height=\"385\" src=\"https:\/\/toposatelier.com\/wp-content\/uploads\/2016\/06\/topos-atelier-de-arquitectura-ed.-merim-5-385x385.jpg\" class=\"attachment-small-size-hard size-small-size-hard\" alt=\"\" decoding=\"async\" loading=\"lazy\" srcset=\"https:\/\/toposatelier.com\/wp-content\/uploads\/2016\/06\/topos-atelier-de-arquitectura-ed.-merim-5-385x385.jpg 385w, https:\/\/toposatelier.com\/wp-content\/uploads\/2016\/06\/topos-atelier-de-arquitectura-ed.-merim-5-300x300.jpg 300w, https:\/\/toposatelier.com\/wp-content\/uploads\/2016\/06\/topos-atelier-de-arquitectura-ed.-merim-5-100x100.jpg 100w, https:\/\/toposatelier.com\/wp-content\/uploads\/2016\/06\/topos-atelier-de-arquitectura-ed.-merim-5-150x150.jpg 150w\" sizes=\"(max-width: 385px) 100vw, 385px\" \/><\/a>\n\t\t\t<\/div><\/figure><figure class='gallery-item'>\n\t\t\t<div class='gallery-icon portrait'>\n\t\t\t\t<a data-title=\"Topos Atelier de Arquitectura - Ed. Merim (6)\" data-alt=\"\" href='https:\/\/toposatelier.com\/wp-content\/uploads\/2016\/06\/topos-atelier-de-arquitectura-ed.-merim-6.jpg'><img width=\"385\" height=\"385\" src=\"https:\/\/toposatelier.com\/wp-content\/uploads\/2016\/06\/topos-atelier-de-arquitectura-ed.-merim-6-385x385.jpg\" class=\"attachment-small-size-hard size-small-size-hard\" alt=\"\" decoding=\"async\" loading=\"lazy\" srcset=\"https:\/\/toposatelier.com\/wp-content\/uploads\/2016\/06\/topos-atelier-de-arquitectura-ed.-merim-6-385x385.jpg 385w, https:\/\/toposatelier.com\/wp-content\/uploads\/2016\/06\/topos-atelier-de-arquitectura-ed.-merim-6-300x300.jpg 300w, https:\/\/toposatelier.com\/wp-content\/uploads\/2016\/06\/topos-atelier-de-arquitectura-ed.-merim-6-100x100.jpg 100w, https:\/\/toposatelier.com\/wp-content\/uploads\/2016\/06\/topos-atelier-de-arquitectura-ed.-merim-6-150x150.jpg 150w\" sizes=\"(max-width: 385px) 100vw, 385px\" \/><\/a>\n\t\t\t<\/div><\/figure><figure class='gallery-item'>\n\t\t\t<div class='gallery-icon portrait'>\n\t\t\t\t<a data-title=\"Topos Atelier de Arquitectura - Ed. Merim (7)\" data-alt=\"\" href='https:\/\/toposatelier.com\/wp-content\/uploads\/2016\/06\/topos-atelier-de-arquitectura-ed.-merim-7.jpg'><img width=\"385\" height=\"385\" src=\"https:\/\/toposatelier.com\/wp-content\/uploads\/2016\/06\/topos-atelier-de-arquitectura-ed.-merim-7-385x385.jpg\" class=\"attachment-small-size-hard size-small-size-hard\" alt=\"\" decoding=\"async\" loading=\"lazy\" srcset=\"https:\/\/toposatelier.com\/wp-content\/uploads\/2016\/06\/topos-atelier-de-arquitectura-ed.-merim-7-385x385.jpg 385w, https:\/\/toposatelier.com\/wp-content\/uploads\/2016\/06\/topos-atelier-de-arquitectura-ed.-merim-7-300x300.jpg 300w, https:\/\/toposatelier.com\/wp-content\/uploads\/2016\/06\/topos-atelier-de-arquitectura-ed.-merim-7-100x100.jpg 100w, https:\/\/toposatelier.com\/wp-content\/uploads\/2016\/06\/topos-atelier-de-arquitectura-ed.-merim-7-150x150.jpg 150w\" sizes=\"(max-width: 385px) 100vw, 385px\" \/><\/a>\n\t\t\t<\/div><\/figure><figure class='gallery-item'>\n\t\t\t<div class='gallery-icon landscape'>\n\t\t\t\t<a data-title=\"Topos Atelier de Arquitectura - Ed. Merim (8)\" data-alt=\"\" href='https:\/\/toposatelier.com\/wp-content\/uploads\/2016\/06\/topos-atelier-de-arquitectura-ed.-merim-8.jpg'><img width=\"385\" height=\"385\" src=\"https:\/\/toposatelier.com\/wp-content\/uploads\/2016\/06\/topos-atelier-de-arquitectura-ed.-merim-8-385x385.jpg\" class=\"attachment-small-size-hard size-small-size-hard\" alt=\"\" decoding=\"async\" loading=\"lazy\" srcset=\"https:\/\/toposatelier.com\/wp-content\/uploads\/2016\/06\/topos-atelier-de-arquitectura-ed.-merim-8-385x385.jpg 385w, https:\/\/toposatelier.com\/wp-content\/uploads\/2016\/06\/topos-atelier-de-arquitectura-ed.-merim-8-300x300.jpg 300w, https:\/\/toposatelier.com\/wp-content\/uploads\/2016\/06\/topos-atelier-de-arquitectura-ed.-merim-8-100x100.jpg 100w, https:\/\/toposatelier.com\/wp-content\/uploads\/2016\/06\/topos-atelier-de-arquitectura-ed.-merim-8-150x150.jpg 150w\" sizes=\"(max-width: 385px) 100vw, 385px\" \/><\/a>\n\t\t\t<\/div><\/figure>\n\t\t<\/div>\n\n<p style=\"text-align: center;\">Ces deux b\u00e2timents, qui regroupent de l\u2019habitat collectif et des maisons jumel\u00e9es, effectuent une transition d\u2019\u00e9chelle entre l\u2019habitat individuel urbain de rue de la ville et un ensemble d\u2019immeubles collectifs et d\u2019\u00e9quipements en voie d\u2019ex\u00e9cution pour ce nouveau quartier de ville.<br \/>\nL\u2019id\u00e9e de relier par des plans continus des maisons, une limite de propri\u00e9t\u00e9 et un immeuble d\u2019habitation, ne fait que prolonger l\u2019exemple du tissu existant de la ville de Ponte de Lima, o\u00f9 les murs de ma\u00e7onneries en pierre jouent un r\u00f4le fondamental dans la continuit\u00e9 et dans la d\u00e9finition des espaces urbains.<\/p>","protected":false},"excerpt":{"rendered":"<p>Ces deux b\u00e2timents, qui regroupent de l\u2019habitat collectif et des maisons jumel\u00e9es, effectuent une transition d\u2019\u00e9chelle entre l\u2019habitat individuel urbain de rue de la ville et un ensemble d\u2019immeubles collectifs et d\u2019\u00e9quipements en voie d\u2019ex\u00e9cution pour ce nouveau quartier de ville. L\u2019id\u00e9e de relier par des plans continus des maisons, une limite de propri\u00e9t\u00e9 et..<\/p>\n","protected":false},"author":1,"featured_media":0,"parent":0,"menu_order":0,"comment_status":"closed","ping_status":"closed","template":"","meta":[],"_links":{"self":[{"href":"https:\/\/toposatelier.com\/fr\/wp-json\/wp\/v2\/pages\/2785"}],"collection":[{"href":"https:\/\/toposatelier.com\/fr\/wp-json\/wp\/v2\/pages"}],"about":[{"href":"https:\/\/toposatelier.com\/fr\/wp-json\/wp\/v2\/types\/page"}],"author":[{"embeddable":true,"href":"https:\/\/toposatelier.com\/fr\/wp-json\/wp\/v2\/users\/1"}],"replies":[{"embeddable":true,"href":"https:\/\/toposatelier.com\/fr\/wp-json\/wp\/v2\/comments?post=2785"}],"version-history":[{"count":1,"href":"https:\/\/toposatelier.com\/fr\/wp-json\/wp\/v2\/pages\/2785\/revisions"}],"predecessor-version":[{"id":2786,"href":"https:\/\/toposatelier.com\/fr\/wp-json\/wp\/v2\/pages\/2785\/revisions\/2786"}],"wp:attachment":[{"href":"https:\/\/toposatelier.com\/fr\/wp-json\/wp\/v2\/media?parent=2785"}],"curies":[{"name":"wp","href":"https:\/\/api.w.org\/{rel}","templated":true}]}}

Logements à Merim

<div id='gallery-0' class='gallery galleryid-2785 gallery-columns-4 gallery-size-small-size-hard'><figure class='gallery-item'>
			<div class='gallery-icon landscape'>
				<a data-title="Topos Atelier de Arquitectura - Ed. Merim (1)" data-alt="" href='https://toposatelier.com/wp-content/uploads/2016/06/topos-atelier-de-arquitectura-ed.-merim-1.jpg'><img width="385" height="385" src="https://toposatelier.com/wp-content/uploads/2016/06/topos-atelier-de-arquitectura-ed.-merim-1-385x385.jpg" class="attachment-small-size-hard size-small-size-hard" alt="" decoding="async" loading="lazy" srcset="https://toposatelier.com/wp-content/uploads/2016/06/topos-atelier-de-arquitectura-ed.-merim-1-385x385.jpg 385w, https://toposatelier.com/wp-content/uploads/2016/06/topos-atelier-de-arquitectura-ed.-merim-1-300x300.jpg 300w, https://toposatelier.com/wp-content/uploads/2016/06/topos-atelier-de-arquitectura-ed.-merim-1-100x100.jpg 100w, https://toposatelier.com/wp-content/uploads/2016/06/topos-atelier-de-arquitectura-ed.-merim-1-150x150.jpg 150w" sizes="(max-width: 385px) 100vw, 385px" /></a>
			</div></figure><figure class='gallery-item'>
			<div class='gallery-icon landscape'>
				<a data-title="Topos Atelier de Arquitectura - Ed. Merim (2)" data-alt="" href='https://toposatelier.com/wp-content/uploads/2016/06/topos-atelier-de-arquitectura-ed.-merim-2.jpg'><img width="385" height="385" src="https://toposatelier.com/wp-content/uploads/2016/06/topos-atelier-de-arquitectura-ed.-merim-2-385x385.jpg" class="attachment-small-size-hard size-small-size-hard" alt="" decoding="async" loading="lazy" srcset="https://toposatelier.com/wp-content/uploads/2016/06/topos-atelier-de-arquitectura-ed.-merim-2-385x385.jpg 385w, https://toposatelier.com/wp-content/uploads/2016/06/topos-atelier-de-arquitectura-ed.-merim-2-300x300.jpg 300w, https://toposatelier.com/wp-content/uploads/2016/06/topos-atelier-de-arquitectura-ed.-merim-2-100x100.jpg 100w, https://toposatelier.com/wp-content/uploads/2016/06/topos-atelier-de-arquitectura-ed.-merim-2-150x150.jpg 150w" sizes="(max-width: 385px) 100vw, 385px" /></a>
			</div></figure><figure class='gallery-item'>
			<div class='gallery-icon landscape'>
				<a data-title="Topos Atelier de Arquitectura - Ed. Merim (3)" data-alt="" href='https://toposatelier.com/wp-content/uploads/2016/06/topos-atelier-de-arquitectura-ed.-merim-3.jpg'><img width="385" height="385" src="https://toposatelier.com/wp-content/uploads/2016/06/topos-atelier-de-arquitectura-ed.-merim-3-385x385.jpg" class="attachment-small-size-hard size-small-size-hard" alt="" decoding="async" loading="lazy" srcset="https://toposatelier.com/wp-content/uploads/2016/06/topos-atelier-de-arquitectura-ed.-merim-3-385x385.jpg 385w, https://toposatelier.com/wp-content/uploads/2016/06/topos-atelier-de-arquitectura-ed.-merim-3-300x300.jpg 300w, https://toposatelier.com/wp-content/uploads/2016/06/topos-atelier-de-arquitectura-ed.-merim-3-100x100.jpg 100w, https://toposatelier.com/wp-content/uploads/2016/06/topos-atelier-de-arquitectura-ed.-merim-3-150x150.jpg 150w" sizes="(max-width: 385px) 100vw, 385px" /></a>
			</div></figure><figure class='gallery-item'>
			<div class='gallery-icon landscape'>
				<a data-title="Topos Atelier de Arquitectura - Ed. Merim (4)" data-alt="" href='https://toposatelier.com/wp-content/uploads/2016/06/topos-atelier-de-arquitectura-ed.-merim-4.jpg'><img width="385" height="385" src="https://toposatelier.com/wp-content/uploads/2016/06/topos-atelier-de-arquitectura-ed.-merim-4-385x385.jpg" class="attachment-small-size-hard size-small-size-hard" alt="" decoding="async" loading="lazy" srcset="https://toposatelier.com/wp-content/uploads/2016/06/topos-atelier-de-arquitectura-ed.-merim-4-385x385.jpg 385w, https://toposatelier.com/wp-content/uploads/2016/06/topos-atelier-de-arquitectura-ed.-merim-4-300x300.jpg 300w, https://toposatelier.com/wp-content/uploads/2016/06/topos-atelier-de-arquitectura-ed.-merim-4-100x100.jpg 100w, https://toposatelier.com/wp-content/uploads/2016/06/topos-atelier-de-arquitectura-ed.-merim-4-150x150.jpg 150w" sizes="(max-width: 385px) 100vw, 385px" /></a>
			</div></figure><figure class='gallery-item'>
			<div class='gallery-icon landscape'>
				<a data-title="Topos Atelier de Arquitectura - Ed. Merim (5)" data-alt="" href='https://toposatelier.com/wp-content/uploads/2016/06/topos-atelier-de-arquitectura-ed.-merim-5.jpg'><img width="385" height="385" src="https://toposatelier.com/wp-content/uploads/2016/06/topos-atelier-de-arquitectura-ed.-merim-5-385x385.jpg" class="attachment-small-size-hard size-small-size-hard" alt="" decoding="async" loading="lazy" srcset="https://toposatelier.com/wp-content/uploads/2016/06/topos-atelier-de-arquitectura-ed.-merim-5-385x385.jpg 385w, https://toposatelier.com/wp-content/uploads/2016/06/topos-atelier-de-arquitectura-ed.-merim-5-300x300.jpg 300w, https://toposatelier.com/wp-content/uploads/2016/06/topos-atelier-de-arquitectura-ed.-merim-5-100x100.jpg 100w, https://toposatelier.com/wp-content/uploads/2016/06/topos-atelier-de-arquitectura-ed.-merim-5-150x150.jpg 150w" sizes="(max-width: 385px) 100vw, 385px" /></a>
			</div></figure><figure class='gallery-item'>
			<div class='gallery-icon portrait'>
				<a data-title="Topos Atelier de Arquitectura - Ed. Merim (6)" data-alt="" href='https://toposatelier.com/wp-content/uploads/2016/06/topos-atelier-de-arquitectura-ed.-merim-6.jpg'><img width="385" height="385" src="https://toposatelier.com/wp-content/uploads/2016/06/topos-atelier-de-arquitectura-ed.-merim-6-385x385.jpg" class="attachment-small-size-hard size-small-size-hard" alt="" decoding="async" loading="lazy" srcset="https://toposatelier.com/wp-content/uploads/2016/06/topos-atelier-de-arquitectura-ed.-merim-6-385x385.jpg 385w, https://toposatelier.com/wp-content/uploads/2016/06/topos-atelier-de-arquitectura-ed.-merim-6-300x300.jpg 300w, https://toposatelier.com/wp-content/uploads/2016/06/topos-atelier-de-arquitectura-ed.-merim-6-100x100.jpg 100w, https://toposatelier.com/wp-content/uploads/2016/06/topos-atelier-de-arquitectura-ed.-merim-6-150x150.jpg 150w" sizes="(max-width: 385px) 100vw, 385px" /></a>
			</div></figure><figure class='gallery-item'>
			<div class='gallery-icon portrait'>
				<a data-title="Topos Atelier de Arquitectura - Ed. Merim (7)" data-alt="" href='https://toposatelier.com/wp-content/uploads/2016/06/topos-atelier-de-arquitectura-ed.-merim-7.jpg'><img width="385" height="385" src="https://toposatelier.com/wp-content/uploads/2016/06/topos-atelier-de-arquitectura-ed.-merim-7-385x385.jpg" class="attachment-small-size-hard size-small-size-hard" alt="" decoding="async" loading="lazy" srcset="https://toposatelier.com/wp-content/uploads/2016/06/topos-atelier-de-arquitectura-ed.-merim-7-385x385.jpg 385w, https://toposatelier.com/wp-content/uploads/2016/06/topos-atelier-de-arquitectura-ed.-merim-7-300x300.jpg 300w, https://toposatelier.com/wp-content/uploads/2016/06/topos-atelier-de-arquitectura-ed.-merim-7-100x100.jpg 100w, https://toposatelier.com/wp-content/uploads/2016/06/topos-atelier-de-arquitectura-ed.-merim-7-150x150.jpg 150w" sizes="(max-width: 385px) 100vw, 385px" /></a>
			</div></figure><figure class='gallery-item'>
			<div class='gallery-icon landscape'>
				<a data-title="Topos Atelier de Arquitectura - Ed. Merim (8)" data-alt="" href='https://toposatelier.com/wp-content/uploads/2016/06/topos-atelier-de-arquitectura-ed.-merim-8.jpg'><img width="385" height="385" src="https://toposatelier.com/wp-content/uploads/2016/06/topos-atelier-de-arquitectura-ed.-merim-8-385x385.jpg" class="attachment-small-size-hard size-small-size-hard" alt="" decoding="async" loading="lazy" srcset="https://toposatelier.com/wp-content/uploads/2016/06/topos-atelier-de-arquitectura-ed.-merim-8-385x385.jpg 385w, https://toposatelier.com/wp-content/uploads/2016/06/topos-atelier-de-arquitectura-ed.-merim-8-300x300.jpg 300w, https://toposatelier.com/wp-content/uploads/2016/06/topos-atelier-de-arquitectura-ed.-merim-8-100x100.jpg 100w, https://toposatelier.com/wp-content/uploads/2016/06/topos-atelier-de-arquitectura-ed.-merim-8-150x150.jpg 150w" sizes="(max-width: 385px) 100vw, 385px" /></a>
			</div></figure>
		</div>

<p style="text-align: center;">Ces deux bâtiments, qui regroupent de l’habitat collectif et des maisons jumelées, effectuent une transition d’échelle entre l’habitat individuel urbain de rue de la ville et un ensemble d’immeubles collectifs et d’équipements en voie d’exécution pour ce nouveau quartier de ville.<br />
L’idée de relier par des plans continus des maisons, une limite de propriété et un immeuble d’habitation, ne fait que prolonger l’exemple du tissu existant de la ville de Ponte de Lima, où les murs de maçonneries en pierre jouent un rôle fondamental dans la continuité et dans la définition des espaces urbains.</p>

<p>Ces deux bâtiments, qui regroupent de l’habitat collectif et des maisons jumelées, effectuent une transition d’échelle entre l’habitat individuel urbain de rue de la ville et un ensemble d’immeubles collectifs et d’équipements en voie d’exécution pour ce nouveau quartier de ville. L’idée de relier par des plans continus des maisons, une limite de propriété et..</p>
