{"id":2596,"date":"2016-10-25T11:34:36","date_gmt":"2016-10-25T11:34:36","guid":{"rendered":"http:\/\/toposatelier.com\/?page_id=2596"},"modified":"2016-10-25T11:34:36","modified_gmt":"2016-10-25T11:34:36","slug":"instituto-frances-do-porto","status":"publish","type":"page","link":"https:\/\/toposatelier.com\/fr\/instituto-frances-do-porto\/","title":{"rendered":"Institut Fran\u00e7ais de Porto"},"content":{"rendered":"<div id='gallery-0' class='gallery galleryid-2596 gallery-columns-2 gallery-size-medium-size'><figure class='gallery-item'>\n\t\t\t<div class='gallery-icon portrait'>\n\t\t\t\t<a data-title=\"Instituto Franc\u00eas do Porto (1)\" data-alt=\"\" href='https:\/\/toposatelier.com\/wp-content\/uploads\/2016\/07\/instituto-frances-do-porto-1-e1467627328792.jpg'><img width=\"800\" height=\"1051\" src=\"https:\/\/toposatelier.com\/wp-content\/uploads\/2016\/07\/instituto-frances-do-porto-1-e1467627328792-800x1051.jpg\" class=\"attachment-medium-size size-medium-size\" alt=\"\" decoding=\"async\" loading=\"lazy\" srcset=\"https:\/\/toposatelier.com\/wp-content\/uploads\/2016\/07\/instituto-frances-do-porto-1-e1467627328792-800x1051.jpg 800w, https:\/\/toposatelier.com\/wp-content\/uploads\/2016\/07\/instituto-frances-do-porto-1-e1467627328792-600x788.jpg 600w, https:\/\/toposatelier.com\/wp-content\/uploads\/2016\/07\/instituto-frances-do-porto-1-e1467627328792-228x300.jpg 228w, https:\/\/toposatelier.com\/wp-content\/uploads\/2016\/07\/instituto-frances-do-porto-1-e1467627328792-768x1009.jpg 768w, https:\/\/toposatelier.com\/wp-content\/uploads\/2016\/07\/instituto-frances-do-porto-1-e1467627328792-779x1024.jpg 779w, https:\/\/toposatelier.com\/wp-content\/uploads\/2016\/07\/instituto-frances-do-porto-1-e1467627328792-385x506.jpg 385w, https:\/\/toposatelier.com\/wp-content\/uploads\/2016\/07\/instituto-frances-do-porto-1-e1467627328792-400x525.jpg 400w, https:\/\/toposatelier.com\/wp-content\/uploads\/2016\/07\/instituto-frances-do-porto-1-e1467627328792.jpg 899w\" sizes=\"(max-width: 800px) 100vw, 800px\" \/><\/a>\n\t\t\t<\/div><\/figure><figure class='gallery-item'>\n\t\t\t<div class='gallery-icon portrait'>\n\t\t\t\t<a data-title=\"Instituto Franc\u00eas do Porto (2)\" data-alt=\"\" href='https:\/\/toposatelier.com\/wp-content\/uploads\/2016\/07\/instituto-frances-do-porto-2.jpg'><img width=\"800\" height=\"1049\" src=\"https:\/\/toposatelier.com\/wp-content\/uploads\/2016\/07\/instituto-frances-do-porto-2-800x1049.jpg\" class=\"attachment-medium-size size-medium-size\" alt=\"\" decoding=\"async\" loading=\"lazy\" srcset=\"https:\/\/toposatelier.com\/wp-content\/uploads\/2016\/07\/instituto-frances-do-porto-2-800x1049.jpg 800w, https:\/\/toposatelier.com\/wp-content\/uploads\/2016\/07\/instituto-frances-do-porto-2-600x787.jpg 600w, https:\/\/toposatelier.com\/wp-content\/uploads\/2016\/07\/instituto-frances-do-porto-2-229x300.jpg 229w, https:\/\/toposatelier.com\/wp-content\/uploads\/2016\/07\/instituto-frances-do-porto-2-768x1007.jpg 768w, https:\/\/toposatelier.com\/wp-content\/uploads\/2016\/07\/instituto-frances-do-porto-2-781x1024.jpg 781w, https:\/\/toposatelier.com\/wp-content\/uploads\/2016\/07\/instituto-frances-do-porto-2-385x505.jpg 385w, https:\/\/toposatelier.com\/wp-content\/uploads\/2016\/07\/instituto-frances-do-porto-2-400x524.jpg 400w, https:\/\/toposatelier.com\/wp-content\/uploads\/2016\/07\/instituto-frances-do-porto-2.jpg 900w\" sizes=\"(max-width: 800px) 100vw, 800px\" \/><\/a>\n\t\t\t<\/div><\/figure>\n\t\t<\/div>\n\n<p style=\"text-align: center;\">Le projet tente de cr\u00e9er \u00e0 l\u2019int\u00e9rieur de l\u2019Institut un \u201cbon coin\u201d, lieu de rencontres o\u00f9 les \u00e9tudiants et les visiteurs aimeraient s\u2019attarder\u2026<br \/>\nMalgr\u00e9 son \u00e9troitesse, l\u2019espace fut choisi pour la qualit\u00e9 de la lumi\u00e8re diffus\u00e9e au travers des ouvertures sur le jardin, lui conf\u00e9rant la douceur d\u2018un int\u00e9rieur intime.<br \/>\nLa verticalit\u00e9 des lignes, dict\u00e9e par les grandes fen\u00eatres, recherche l\u2019\u00e9l\u00e9gance des espaces nobles de l\u2019\u00e9difice: le vestibule, la biblioth\u00e8que, et les salons.<\/p>","protected":false},"excerpt":{"rendered":"<p>Le projet tente de cr\u00e9er \u00e0 l\u2019int\u00e9rieur de l\u2019Institut un \u201cbon coin\u201d, lieu de rencontres o\u00f9 les \u00e9tudiants et les visiteurs aimeraient s\u2019attarder\u2026 Malgr\u00e9 son \u00e9troitesse, l\u2019espace fut choisi pour la qualit\u00e9 de la lumi\u00e8re diffus\u00e9e au travers des ouvertures sur le jardin, lui conf\u00e9rant la douceur d\u2018un int\u00e9rieur intime. La verticalit\u00e9 des lignes, dict\u00e9e..<\/p>\n","protected":false},"author":1,"featured_media":0,"parent":0,"menu_order":0,"comment_status":"closed","ping_status":"closed","template":"","meta":[],"_links":{"self":[{"href":"https:\/\/toposatelier.com\/fr\/wp-json\/wp\/v2\/pages\/2596"}],"collection":[{"href":"https:\/\/toposatelier.com\/fr\/wp-json\/wp\/v2\/pages"}],"about":[{"href":"https:\/\/toposatelier.com\/fr\/wp-json\/wp\/v2\/types\/page"}],"author":[{"embeddable":true,"href":"https:\/\/toposatelier.com\/fr\/wp-json\/wp\/v2\/users\/1"}],"replies":[{"embeddable":true,"href":"https:\/\/toposatelier.com\/fr\/wp-json\/wp\/v2\/comments?post=2596"}],"version-history":[{"count":1,"href":"https:\/\/toposatelier.com\/fr\/wp-json\/wp\/v2\/pages\/2596\/revisions"}],"predecessor-version":[{"id":2597,"href":"https:\/\/toposatelier.com\/fr\/wp-json\/wp\/v2\/pages\/2596\/revisions\/2597"}],"wp:attachment":[{"href":"https:\/\/toposatelier.com\/fr\/wp-json\/wp\/v2\/media?parent=2596"}],"curies":[{"name":"wp","href":"https:\/\/api.w.org\/{rel}","templated":true}]}}

Institut Français de Porto

<div id='gallery-0' class='gallery galleryid-2596 gallery-columns-2 gallery-size-medium-size'><figure class='gallery-item'>
			<div class='gallery-icon portrait'>
				<a data-title="Instituto Francês do Porto (1)" data-alt="" href='https://toposatelier.com/wp-content/uploads/2016/07/instituto-frances-do-porto-1-e1467627328792.jpg'><img width="800" height="1051" src="https://toposatelier.com/wp-content/uploads/2016/07/instituto-frances-do-porto-1-e1467627328792-800x1051.jpg" class="attachment-medium-size size-medium-size" alt="" decoding="async" loading="lazy" srcset="https://toposatelier.com/wp-content/uploads/2016/07/instituto-frances-do-porto-1-e1467627328792-800x1051.jpg 800w, https://toposatelier.com/wp-content/uploads/2016/07/instituto-frances-do-porto-1-e1467627328792-600x788.jpg 600w, https://toposatelier.com/wp-content/uploads/2016/07/instituto-frances-do-porto-1-e1467627328792-228x300.jpg 228w, https://toposatelier.com/wp-content/uploads/2016/07/instituto-frances-do-porto-1-e1467627328792-768x1009.jpg 768w, https://toposatelier.com/wp-content/uploads/2016/07/instituto-frances-do-porto-1-e1467627328792-779x1024.jpg 779w, https://toposatelier.com/wp-content/uploads/2016/07/instituto-frances-do-porto-1-e1467627328792-385x506.jpg 385w, https://toposatelier.com/wp-content/uploads/2016/07/instituto-frances-do-porto-1-e1467627328792-400x525.jpg 400w, https://toposatelier.com/wp-content/uploads/2016/07/instituto-frances-do-porto-1-e1467627328792.jpg 899w" sizes="(max-width: 800px) 100vw, 800px" /></a>
			</div></figure><figure class='gallery-item'>
			<div class='gallery-icon portrait'>
				<a data-title="Instituto Francês do Porto (2)" data-alt="" href='https://toposatelier.com/wp-content/uploads/2016/07/instituto-frances-do-porto-2.jpg'><img width="800" height="1049" src="https://toposatelier.com/wp-content/uploads/2016/07/instituto-frances-do-porto-2-800x1049.jpg" class="attachment-medium-size size-medium-size" alt="" decoding="async" loading="lazy" srcset="https://toposatelier.com/wp-content/uploads/2016/07/instituto-frances-do-porto-2-800x1049.jpg 800w, https://toposatelier.com/wp-content/uploads/2016/07/instituto-frances-do-porto-2-600x787.jpg 600w, https://toposatelier.com/wp-content/uploads/2016/07/instituto-frances-do-porto-2-229x300.jpg 229w, https://toposatelier.com/wp-content/uploads/2016/07/instituto-frances-do-porto-2-768x1007.jpg 768w, https://toposatelier.com/wp-content/uploads/2016/07/instituto-frances-do-porto-2-781x1024.jpg 781w, https://toposatelier.com/wp-content/uploads/2016/07/instituto-frances-do-porto-2-385x505.jpg 385w, https://toposatelier.com/wp-content/uploads/2016/07/instituto-frances-do-porto-2-400x524.jpg 400w, https://toposatelier.com/wp-content/uploads/2016/07/instituto-frances-do-porto-2.jpg 900w" sizes="(max-width: 800px) 100vw, 800px" /></a>
			</div></figure>
		</div>

<p style="text-align: center;">Le projet tente de créer à l’intérieur de l’Institut un “bon coin”, lieu de rencontres où les étudiants et les visiteurs aimeraient s’attarder…<br />
Malgré son étroitesse, l’espace fut choisi pour la qualité de la lumière diffusée au travers des ouvertures sur le jardin, lui conférant la douceur d‘un intérieur intime.<br />
La verticalité des lignes, dictée par les grandes fenêtres, recherche l’élégance des espaces nobles de l’édifice: le vestibule, la bibliothèque, et les salons.</p>

<p>Le projet tente de créer à l’intérieur de l’Institut un “bon coin”, lieu de rencontres où les étudiants et les visiteurs aimeraient s’attarder… Malgré son étroitesse, l’espace fut choisi pour la qualité de la lumière diffusée au travers des ouvertures sur le jardin, lui conférant la douceur d‘un intérieur intime. La verticalité des lignes, dictée..</p>
